ose g = -3*i + 89 - 14. What is the remainder when 74 is divided by i?
24
Let i = 78 + -49. Suppose 5*d = 12*d - 588. What is the remainder when d is divided by i?
26
Suppose -3*s = -5*j + 1975, 183 = 5*j - 2*s - 1797. Calculate the remainder when j is divided by 21.
20
Suppose -2*o = -d + 23, 6*d + 2*o = 8*d - 38. Suppose 0 = -s - 0 - 1. What is the remainder when d is divided by (0 - s)/(2/8)?
3
Suppose -10*p + 136 = -274. What is the remainder when p is divided by 38?
3
Let p(k) be the third derivative of -k**6/120 - 31*k**5/60 - 5*k**4/4 + 19*k**3/3 - 48*k**2. Calculate the remainder when 147 is divided by p(-30).
33
Suppose 5*f + 4 = -2*z + 13, -3*z - 15 = -2*f. Suppose -f*l = -0*l - 108. What is the remainder when 107 is divided by l?
35
Suppose 0 = 8*w - 810 - 1046. Calculate the remainder when w is divided by 3.
1
Suppose 154 = -2*h + 3*l + 711, -5*l = 5*h - 1405. Suppose -59 = -3*i + h. Calculate the remainder when i is divided by 19.
18
Suppose 0 = 3*m + 2*m - 30. Let r(l) = -5*l**2 + 59*l - 10. Calculate the remainder when r(11) is divided by m.
4
Let v(i) = i**3 - 6*i**2 + 2*i - 1. Let d = 866 + -791. Calculate the remainder when d is divided by v(6).
9
What is the remainder when 963 is divided by 1/((-12)/5808*-4)?
116
Suppose -2*x + 8 + 8 = 0. Suppose i - n = -i + 3, 4*i + n = 21. Suppose -i = 4*w, q - 3*w + 0 = 18. What is the remainder when q is divided by x?
7
Let l(b) be the third derivative of b**4/24 + 2*b**3 + 7*b**2. Suppose 5*p + 73 - 15 = f, 266 = 5*f - p. What is the remainder when f is divided by l(-4)?
5
Suppose -13*n + 8*n = -220. What is the remainder when n is divided by 17?
10
Suppose 3*p + 30 + 6 = -3*m, 0 = p + 3*m + 20. Let y be 13*(-3)/((-9)/6). Let f = y + p. Calculate the remainder when f is divided by 10.
8
Let x = 356 + -316. Calculate the remainder when 238 is divided by x.
38
Let v be -2 - 1 - (4 + (-30)/2). Let t(h) = 18*h + 18. What is the remainder when t(v) is divided by 15?
12
Suppose 4*u + 80 = 180. Calculate the remainder when 449 is divided by u.
24
Suppose -19 = -3*p + 2*v, 5*p - v + 5*v + 5 = 0. Calculate the remainder when 9/1 + 0 + p is divided by 5.
2
Let p = -430 - -465. What is the remainder when p is divided by 14?
7
Let p(d) = 16*d**2 + 4*d. Calculate the remainder when p(-2) is divided by 12.
8
Let g(z) = 9*z**2. Let j(o) = 3*o**2 + 10*o + 7. Let k = 2 - 6. Calculate the remainder when j(k) is divided by g(-1).
6
Let z = 1 + -5. Let f = 4 - z. What is the remainder when 11 is divided by (-2)/1 + f - 2?
3
Let o(v) = -77*v + 4. Let a be o(-4). Suppose s + 7*s = a. Calculate the remainder when s is divided by 7.
4
Let g(l) = 25*l - 108. What is the remainder when 82 is divided by g(6)?
40
Let w = 27 - 9. Let b be 0/(-2) + w/6. Suppose -30 - 45 = -b*q. Calculate the remainder when q is divided by 7.
4
Let z = -2626 + 2814. Calculate the remainder when z is divided by 38.
36
Let v be (9/(-2))/(-3) - 18/4. Suppose -7*g + 4*g + 78 = 0. Calculate the remainder when g is divided by 3/(-1) + (-72)/(18/v).
8
Let q be (2/(-7))/((-3)/63). Suppose -j = q*x - x - 194, -2*j = 2*x - 84. Calculate the remainder when x is divided by 13.
12
Suppose -31*g - 971 = -3017. What is the remainder when 324 is divided by g?
60
Suppose -i = i - 5*n - 14, 5*n + 10 = 0. Suppose -3 = 3*l - i*l. What is the remainder when 13 is divided by 3 - 1 - (1 + l)?
1
Let z be (3924/16)/(-2*6/(-32)). Suppose -4*s = -z + 134. Calculate the remainder when s is divided by 33.
31
Let x = -188 - -594. What is the remainder when x is divided by 24?
22
Calculate the remainder when 234 is divided by 9*3/27*7.
3
Let q(h) = -h + 12. Let r be (-3 + 31)*(-2)/(-8). Calculate the remainder when q(r) is divided by 2.
1
Let v(l) = l + 63. Let p be v(-19). Let z = -19 + p. Calculate the remainder when z is divided by 14.
11
Let q(v) = -3*v. Let j be q(-1). Let k be j/2*(-8)/6. What is the remainder when 18 is divided by 6/12 + (-19)/k?
8
Let t(n) = 2*n**2 - 25*n - 7. Let m be -3*(-10)/(-45)*39/(-2). Let a = 88 - 41. What is the remainder when a is divided by t(m)?
5
Calculate the remainder when (352/880)/(1/125) is divided by ((-26)/8)/(1/(-4)).
11
Suppose -219 = 6*x - 507. Calculate the remainder when 181 is divided by x.
37
Let p(x) = x**2 + x + 3. Let b be p(-3). What is the remainder when (-86)/(-8) + b/36 is divided by (27/12)/(9/24)?
5
Suppose 4*i - 92 - 6 = m, 2*m = -4. What is the remainder when 40 is divided by i?
16
Let l(b) = 23*b**2 - 3*b + 2. Let g(a) = 2*a + 33. Calculate the remainder when l(2) is divided by g(-9).
13
Suppose -3*a - 6 = -5*a. Suppose 2*d - 4 - 6 = 0. Suppose -3 + 18 = d*s. What is the remainder when a is divided by s?
0
Let v(a) = 11*a**2 - 11*a + 28. Calculate the remainder when v(6) is divided by 36.
34
Suppose -2*h + 54 = y, 5 = y + 3. Let d = 1 + -7. Calculate the remainder when (9/(-3))/d*h is divided by 7.
6
Suppose 0 = 6*t - 0*t - 132. Calculate the remainder when 174 is divided by t.
20
Let r(m) = -m**3 - 11*m**2 - 8*m + 13. Let l be r(-10). Let s = 13 - l. Let z = 16 - -23. What is the remainder when z is divided by s?
19
Let j be ((-15)/(-6))/(4/8). Let u(p) = p**2 + p + 29. What is the remainder when u(j) is divided by 12/(-1*2/(-2))?
11
Calculate the remainder when 154 + (-21)/(3/(-1)) is divided by 41.
38
Suppose -17 = -3*h + 136. Suppose -52*b = -h*b - 16. What is the remainder when b is divided by 5?
1
Calculate the remainder when 15/(-10)*2 + 90 - -3 is divided by 32.
26
Let s be (-14 - (-3 - 0)) + 3. Let d = s + 11. What is the remainder when 28 - (1 + (d - 4)) is divided by 15?
13
Let g = -394 - -482. What is the remainder when 261 is divided by g?
85
Let d = 306 - 192. What is the remainder when d is divided by 25?
14
Suppose n - 4*n + 12 = 0. Suppose -f + 11 - n = 0. What is the remainder when 16 is divided by f?
2
Let n = 69 - 28. Suppose 0 = 3*b - 7 - n. Let s = 14 + 14. What is the remainder when s is divided by b?
12
Let d = -15 - -19. Suppose 8 = 2*f - y, 5*f + y - d*y = 21. Suppose -3*v + 2*g + 146 = 0, 2*v + f*g - 156 = -v. What is the remainder when v is divided by 13?
11
Let j = 57 - 66. Calculate the remainder when 72 is divided by (j/(-3))/(-15) + 480/25.
15
Suppose 5*x - 4*s - 60 = 0, -4*x + 8*s + 44 = 4*s. Let w be -1*9 - (4 - 5). Let b = 14 + w. What is the remainder when x is divided by b?
4
What is the remainder when 707 is divided by 225/(-75)*((-164)/6 - -1)?
75
Let l(i) = i**2 - 22*i + 133. What is the remainder when l(18) is divided by 23?
15
Let j = 22 + -9. What is the remainder when (1/(-9) - 22/(-198)) + (59 - 8) is divided by j?
12
Let m be ((-6)/9)/(2/3). Let l be (2 - m)*112/42. Suppose 2*a - 12 = -2*i, -3*a - 5*i + l = -0*a. What is the remainder when a is divided by 3?
2
Let v = -11 - -47. Suppose -3*p = -4*p + v. What is the remainder when p is divided by 10?
6
Suppose 5*t - 65 = 5*a, -3*a + 7*a = -4. Let c = -2 + t. What is the remainder when c is divided by 3?
1
What is the remainder when 264/14*28/(-12)*-2 is divided by 79?
9
Let x be (1/(-1) - -1)/1. Suppose -5*d = -x*d - 15. Calculate the remainder when 14 is divided by 2*1 - (d + -6).
4
Suppose -2*h + 7*h = q + 1289, 2 = 2*q. What is the remainder when h is divided by 87?
84
Let o = -4 - -6. Suppose -m - 40 = -4*g, -g + m + o*m - 1 = 0. Let d = 7321 + -7315. What is the remainder when g is divided by d?
5
Suppose -6*t + 2*t - 1 = -w, -12 = -3*w + 3*t. What is the remainder when 733 is divided by w?
3
Let s = -473 + 663. Calculate the remainder when s is divided by 62.
4
Suppose 411*k = 423*k - 960. What is the remainder when k is divided by 10?
0
Let c be -6*(-12)/(5 - 1) - 1. What is the remainder when 26 is divided by -1 + 1 + c + -8?
8
Suppose -3*n + 20 = -7*n. Let x be (-4 - -3)/(1/n). Suppose 56 = x*j - j. What is the remainder when 38 is divided by j?
10
Let w(f) = f**3 - 5*f**2 - f + 4. Let g be w(5). Let z(q) = 5*q**2 + q. Let b be z(g). Calculate the remainder when 42 is divided by b/14 - (-618)/42.
12
Suppose 22*j - 1350 = 13*j. What is the remainder when j is divided by 49?
3
Suppose 5*v - 111 = x - 0*v, 0 = -3*x + 2*v - 320. Let y = -27 - x. What is the remainder when y is divided by (-13)/(-39) - (-118)/6?
19
Let r(k) = k**3 - 5*k + 6. Calculate the remainder when r(4) is divided by 13.
11
S